 = 0. Let j = -15 + h. Suppose j*i - 3*f + 2*f = 579, -3*i = f - 341. Is i prime?
False
Suppose -u + 98967 = 10*u. Is u a composite number?
True
Let s be 12/30 + 154/(-10). Let o = s - -6. Is (-334)/(-9) - (-1)/o a prime number?
True
Let g be 2/3*-6*9/4. Let k(u) = -2*u**3 - 4*u**2 + 8*u - 1. Is k(g) prime?
True
Let j(a) = -a**3 + 4*a**2 + a - 1. Let v be j(3). Suppose -7*d = -v*d + 2264. Is d prime?
False
Let k = 1648 - 947. Is k prime?
True
Suppose 11 = 2*b - 4*u - u, -4*u + 12 = 0. Suppose b*k - 5547 + 646 = 0. Is k composite?
True
Let f(s) = s**3 + s**2 - 4*s + 2099. Is f(0) prime?
True
Let o = 1798 - 1215. Let y be 2/(-6) - (-32)/6. Suppose -4*k + 317 = 3*d, 0 = y*d - k - o + 24. Is d prime?
False
Suppose 0 = -3*n + 5*m + 44717, 4*n = 2*n + 4*m + 29810. Is n a composite number?
True
Is (12 - 845/26)/((-2)/1468) a prime number?
False
Let o(w) = 11*w**3 - 2*w**2 - w + 2. Let c be o(-1). Is (3365/c + 0)/((-1)/2) prime?
True
Suppose -7 = 2*k + 15. Let a(o) be the third derivative of -o**6/120 - 3*o**5/20 - o**4/12 - o**3/6 - 2*o**2 - 25. Is a(k) composite?
False
Suppose 3*o + o = 4*k + 144, 5*o = 3*k + 188. Suppose -1546 = -2*j - o. Is j a composite number?
True
Let k be (5253/6)/(((-25)/20)/(-5)). Suppose i + 5*p - 4370 = -4*i, -4*i = 2*p - k. Is i a composite number?
False
Let t be (-106)/(-3 - (-10)/4). Let h = t + -96. Let b = 243 - h. Is b a prime number?
True
Suppose -4*u - 10 = u. Let x be ((-1)/u)/(1/(-460)). Let s = x + 525. Is s prime?
False
Let f = 1522 - -10921. Is f a prime number?
False
Suppose -r + 35*f + 24043 = 32*f, 0 = -r + 4*f + 24047. Is r prime?
False
Let p = -15 - -18. Suppose p*b = m - 32, -3*b + 72 = m + 2*m. Suppose m*k + 1555 = 31*k. Is k prime?
True
Suppose 4*g = 4*b - 16, b - 4 = g + g. Suppose -b*r = -w - 18, -5*r + 17 = -2*w - 2*w. Suppose -4*m = d - 67, 0*d + r*d - 5*m - 285 = 0. Is d a prime number?
True
Suppose -5*f = -9108 + 3673. Is f composite?
False
Suppose 2*a - 16 = -2*y, 5*a - 3*a = 5*y - 19. Suppose 0 = -5*w - 25, a*w - 2 = -g + 110. Is g prime?
True
Let d = 21 + -25. Is -2 - (3 + d) - -47 a prime number?
False
Suppose -m + 0*j + 5*j - 1231 = 0, -3*j - 3711 = 3*m. Let t be 15/3*m/(-15). Suppose -4*w = -t - 112. Is w prime?
True
Let h = 4503 - 8318. Let m = -2344 - h. Is m a prime number?
True
Let v = 26285 + -1255. Suppose -v = -12*s + 2*s. Is s prime?
True
Let o(q) = 2*q**2 - 22*q - 26. Let z be o(-19). Let n = 2375 - z. Is n prime?
False
Let f(i) = i**2 - 10*i + 2. Let s be f(10). Suppose -347 - 27 = -s*y - 4*l, 0 = -5*l. Is y composite?
True
Is 32/24 - 102147/(-9) a prime number?
True
Let q be 2/6 + 30740/12. Suppose -4*w + 4*u - 2*u = -q, 2*u = w - 639. Is w a composite number?
False
Suppose -4*f - z - 26 = 0, 4*f - 3*z + 3 = -15. Let i = f + 16. Let v(r) = 4*r**2 - 5*r - 13. Is v(i) prime?
True
Is (-2857)/((-48)/9 + (10 - 5)) a prime number?
False
Let h be 72864/115 + (-6)/10. Suppose 0 = -0*l - 3*l + h. Is l a composite number?
False
Let z be 2 - 22119/(-15) - 18/30. Suppose -z = -7*l + 1625. Is l a prime number?
True
Let z be (0 - -4 - 7) + -197 + 0. Let u = z + 349. Is u a composite number?
False
Let r(l) = -l**3 - 4*l**2 + 3*l - 2. Let s be r(-5). Let z be ((-4)/s)/(2/(-12)). Is (-352)/(-11) - -1*z prime?
False
Let q(c) = 145*c + 1. Let v be q(-1). Let g(o) = -o**3 + 2*o**2 + 16*o - 7. Let t be g(-7). Let y = v + t. Is y a composite number?
True
Let s be (-460)/(-6) - 6/(-18). Suppose 156 = 3*d + u - s, 3*d - 5*u = 257. Let a = d + 108. Is a a composite number?
True
Suppose -107*i = -108*i + 2777. Is i a prime number?
True
Let u(a) = 9*a**3 + 7*a**2 + 3*a + 3. Let q = 95 + -89. Is u(q) prime?
False
Suppose 12*l = 7*l + 595. Is l composite?
True
Let g(p) = -129*p - 42. Let w be g(-2). Let q be (-7)/(2 + 198/(-98)). Let l = q - w. Is l a composite number?
False
Suppose -45 = 14*a - 9*a - 5*p, -3*p - 1 = a. Let o(z) be the second derivative of -11*z**3/6 - 5*z**2 + 2*z. Is o(a) composite?
False
Suppose 5*k - 27 + 7 = 0. Suppose -k*p + 4945 = 5*x + 2006, 3*x - 3*p - 1758 = 0. Is x a prime number?
True
Suppose -g - 11 + 4 = 4*w, -3*g = -3*w - 9. Is g/3 - (3734/(-3) + 2) prime?
False
Let a(y) = y**2 - 11*y + 36. Let u be a(8). Is (-16210)/(-15) - (-4)/u prime?
False
Let p be (-11)/(0 - 2/184). Suppose 14*b = 10*b + p. Is b a composite number?
True
Suppose -4*q + 3156 = 2*q. Suppose -6*r + q = -416. Is r a composite number?
False
Suppose -177*a + 82 = -175*a. Suppose -4*n - 5*d - 27 = 0, -2*n + 2*d + 21 = -7*n. Is (a/4)/(n/(-24)) a prime number?
False
Suppose -3*a + 4*a = 0. Suppose 5*x - 839 = 131. Suppose a = -5*h + 3*h + x. Is h a composite number?
False
Let f(w) = -3*w - 13. Let v be f(-5). Suppose t = h - 69, 3*h - v*h - 85 = 5*t. Is h a prime number?
False
Let r(a) = a**3 + 5*a**2 + a + 7. Let i = -2 + -3. Let w be r(i). Suppose -w*p + 100 = 2*p. Is p a prime number?
False
Let i(h) be the second derivative of h**3/6 - 7*h**2/2 + 4*h. Let m be i(5). Is (-1350)/m + 2/1 prime?
True
Let u be ((-12980)/33)/(1/(-3)). Let f = u + -663. Is f a prime number?
False
Suppose -v + 58 = -5*k, v = -k - 3 + 37. Is v prime?
False
Suppose 0 = d - 2877 + 64. Is d composite?
True
Is 16*541 + 3/3*1 composite?
True
Let l be 4/((1/2)/(1/2)). Suppose l*h - 4923 = 3*h + 4*d, -3*h + 14709 = 3*d. Is h a composite number?
True
Suppose 8*k - 6*k - 585 = -5*d, 3*k - 881 = -4*d. Is k a prime number?
False
Let q(c) = 93*c + 1. Let o be 9/(-36) - (-18)/8. Suppose -3*h + 5*v = 3*v - 6, 3*v = -h + o. Is q(h) a composite number?
True
Let t be (-12)/4 - 21*-1. Suppose -16*k = -t*k + 2354. Is k a composite number?
True
Let d be (-15)/(-6) - 2 - 8932/(-8). Suppose d = m - 0*m. Is m composite?
False
Let h(z) be the third derivative of 5*z**5/4 - z**4/4 + 5*z**3/6 - 25*z**2. Is h(3) a prime number?
False
Suppose u = 4*g - 0*u - 295, -5*g + 2*u + 365 = 0. Suppose 0 = -5*p + 5*l - 29 - 151, -p = -2*l + 32. Let t = p + g. Is t prime?
False
Let c = 252976 + -154133. Is c composite?
True
Let z(c) = 3*c**2 + 3*c**2 + 3*c + 0 - 1. Let x = 28 + -25. Is z(x) composite?
True
Let s = -7283 + 12424. Is s composite?
True
Suppose 0 = -5*y + 3 + 12. Suppose -2*w - 3*s - y = 0, 0*w - 2*w + 5 = -5*s. Suppose -2*l + 74 = 3*j, w = -4*l - 4*j + 15 + 125. Is l a prime number?
True
Let s(n) = n**2 + 5*n + 5. Let f be s(-5). Let u(a) = -a**3 + 6*a**2 + 6*a - 2. Let o be u(f). Let c = o + -18. Is c a prime number?
False
Is -8 + (-14)/21*-29049 composite?
True
Suppose -2*s = 4*d - 34450, 3*s + 77*d - 73*d = 51681. Is s a composite number?
False
Suppose 5*h + 3*o + 300 = 0, 2*o = 2*h + 37 + 83. Is h/5*-4 - (2 + -5) a prime number?
False
Suppose 5*k - 23*k + 56790 = 0. Is k a prime number?
False
Let z = -1820 - -4561. Is z a prime number?
True
Suppose 4*x + 57*k - 74609 = 58*k, -2*x - k = -37297. Is x prime?
False
Let m = -2 - -1. Let w(i) = -107*i**2 - 10*i + 2. Let g(y) = -53*y**2 - 6*y + 1. Let b(d) = 5*g(d) - 3*w(d). Is b(m) composite?
True
Let u(z) = 2*z**2 + 20*z - 7. Is u(-16) a composite number?
True
Is (244/(-2))/((-174)/39063) a prime number?
False
Suppose -2*y + 129 = -5*y. Let z = y - -202. Is 2/(-4) - z/(-2) a prime number?
True
Suppose 7*u = 6*u + 17. Let j = u - 9. Let l(q) = 15*q + 3. Is l(j) a composite number?
True
Is -7*1*2*(-2985)/30 a composite number?
True
Let v = -17 - 2. Let o(r) = r**3 + 22*r**2 + 19*r - 43. Is o(v) composite?
True
Let i = 47 + -17. Is 91 - (24/i)/((-4)/10) a prime number?
False
Let b = 661 - -412. Is b prime?
False
Let t(y) = 12*y. Suppose 2*w = -0 + 4. Let i be t(w). Suppose -2*h = -i - 182. Is h a prime number?
True
Let u be (3 - 9 - -8) + -2 - 366. Suppose j + 37 = -202. Let t = j - u. Is t a composite number?
False
Let r be ((-17)/(-3) - 1) + 14/(-21). Suppose -5*d - r*k + 397 = -3*k, -2*d - k = -160. Is d a prime number?
True
Let s(o) = -o - 8. Let b be s(-8). Suppose -276 = -5*y + 3*z + 799, 3*z + 15 = b. Suppose -3*x - y = -7*x. Is x composite?
False
Suppose -2*o + 2*l + 100006 = 0, 23119 = -2*o + 5*l + 123125. Is o a composite number?
True
Let c = -27 + 31. Suppose 633 = c*m - 19. Is m a composite number?
False
Let c(p) = 61*p**2 - 34*p + 7. Is c(-12) a prime number?
True
Let y(g) = 13*g**2 - 3*g - 3. Let s be y(-6). Suppose -u + s = -0*u + 4*p, 1441 = 3*u + 4*p. Is u prime?
True
Let q = 25528 - -1803. Is